hat is the tens digit of 3 - 6 - h - -60?
6
Let t = 41505 - 23122. What is the ten thousands digit of t?
1
Let k(s) = -s**3 + 59*s**2 - 194*s - 32. What is the tens digit of k(51)?
8
Suppose 169*d - 1290 = 166*d. Let j = d - 269. Suppose 2*o = -5*q + 777, -5*q + 4*q + o = -j. What is the hundreds digit of q?
1
Let i = 15913 + 9512. What is the thousands digit of i?
5
Suppose -j = 5*s - 19573, 372*s + 11755 = 375*s - 5*j. What is the hundreds digit of s?
9
Suppose 633*r + 1619308 - 25891 = 654*r. What is the units digit of r?
7
Let c(q) = 2*q + 52. Let k be c(-23). Let v be (1 + 727)*12/k. Suppose 3*l = 10*l - v. What is the hundreds digit of l?
2
Suppose -4*r + 2*t + 10696 = 0, 5*r - 445*t - 13375 = -440*t. What is the hundreds digit of r?
6
Suppose 437 = 6*k - 7. Suppose -3*r - k = -1061. Suppose 49 + r = 7*g. What is the units digit of g?
4
Let p(l) = 50*l**2 - 116*l - 428. What is the ten thousands digit of p(41)?
7
Let o(v) = -v**2 + 18*v. Let m be o(18). Suppose -14*n = -16*n + 2, 3*b + 3*n - 1356 = m. What is the tens digit of b?
5
Let l = 294 - 290. Suppose -2*r = -c + 110, 0*r + 5*r = -l*c + 375. What is the hundreds digit of c?
1
What is the ten thousands digit of (-42)/(-189)*-9 + (-1 - (-2 + -12364))?
1
Let p(u) = -u**3 - 5*u**2 - 3*u - 3. Let o be p(-3). Let c be (-57)/(-9) - (-16)/o. Suppose 4*w = 4*d + 476, c*w - d = -0*d + 583. What is the tens digit of w?
1
Suppose -4*b - 3*n - 12 = 0, 0*b - 2*n + 14 = -b. Let p be (b/18)/((-1)/(-27)). What is the units digit of (8/(p/((-1107)/6)))/2?
2
Suppose -127 = 2*j + 5*i, 4*i = -3*j + 3*i - 171. Let h = 181 + j. What is the tens digit of h?
2
Suppose 0*b + 3*b - t = 4, -20 = 5*t. Suppose 12*l + 917 - 4589 = b. What is the tens digit of l?
0
Let s(j) = -4365*j - 16. Let b be s(-1). Suppose -6*z - 1631 = -b. What is the units digit of z?
3
Let l(a) = 4*a**3 + 2*a**2 + 27*a - 20. What is the units digit of l(12)?
4
Let q(r) = 40*r**2 - 7*r + 15. Let t be q(-7). Suppose -32*a - t = -40*a. What is the tens digit of a?
5
Let m be (-1)/((-5)/(-145))*1. Let c = m + 256. What is the units digit of c?
7
Let m be (9/(-9) - -5524) + 1 + -5. Suppose -m = -4*i + 2421. What is the tens digit of i?
8
Let i(f) = f**3 + 17*f**2 - 35*f - 24. Let g(x) = x**3 + 16*x**2 - 36*x - 24. Let c(z) = -2*g(z) + 3*i(z). What is the hundreds digit of c(-20)?
2
Let n = 225 + -194. Suppose -4000 = 15*z - n*z. What is the hundreds digit of z?
2
Let k = 8620 - 3262. What is the hundreds digit of k?
3
Suppose -5*v + 338743 = 3*a, 62*v = 57*v - 4*a + 338734. What is the thousands digit of v?
7
What is the hundreds digit of (-1 - 565)/(35 + -31 + (-147)/36)?
7
Suppose -5*p - 61 = 2*b - 0*p, 0 = -b - 2*p - 28. Let i = b - 39. Let x = 145 + i. What is the units digit of x?
8
What is the units digit of 16163 + -1 + 6/(-5)*175/70?
9
Let s be (-17)/(-2) + (-5)/(-2) + -4. Suppose 90 = s*v + 20. Suppose -4*j = -v - 6. What is the units digit of j?
4
Let c(f) = 2*f**2 + 8*f - 68. Let s be c(-8). Let z(y) = -155*y - 132. What is the tens digit of z(s)?
8
Suppose 0 = 28*p - 11*p - 101745. Suppose -68*o - p = -89*o. What is the tens digit of o?
8
Suppose 3*z + 2*t = -27289, 5*t + 8278 = -2*z - 9900. What is the units digit of (z/108)/(1/(-4))?
7
Let u = -389 - -996. Suppose -5*i - m + 3471 + u = 0, 4*i - 5*m - 3274 = 0. Suppose -11*d + 163 + i = 0. What is the tens digit of d?
8
Let j(t) = 11*t**2 - 19*t - 4. Let s be 2/12 - ((-159)/18 - -1). What is the units digit of j(s)?
8
Let v(n) = 121*n**2 - 13*n - 76. Let b be v(-6). Suppose -3612 = -4*f + 2*l, 5*f - l - 157 = b. What is the units digit of f?
3
What is the thousands digit of 2*1428936/88 + ((-72)/44)/(-9)?
2
Let m(h) be the third derivative of -11*h**6/120 - h**5/12 - h**4/4 - h**3/2 + h**2 + 30*h. What is the tens digit of m(-4)?
4
Let o = 117 - 108. Suppose -o*w = -13*w - 5*r + 1175, -3*r = 5*w - 1472. What is the units digit of w?
5
Let h(v) = -v**3 + 7*v**2 - 7*v + 2. Let y be h(8). Let i = 43 - 113. Let c = i - y. What is the units digit of c?
8
Suppose -10164 = -11*u - 0*u. Suppose -u = 14*v - 26*v. What is the units digit of v?
7
Let y(s) = -774*s - 1763. What is the hundreds digit of y(-7)?
6
Suppose -2*o = -4*o + p + 2495, 0 = 5*o - 3*p - 6239. Let w = o + -805. What is the hundreds digit of w?
4
Let p(w) = -2*w**3 + 9*w**2 - 29*w - 6. Let g be p(6). Let z = 245 - g. Let y = z - 362. What is the hundreds digit of y?
1
Let h(z) be the third derivative of 0*z - 11/12*z**4 - 5*z**3 + 0 + 6*z**2 - 1/60*z**5. What is the units digit of h(-14)?
2
Suppose 10*z = 9*z - n + 26, -z + 14 = 5*n. Suppose z*h - 382 - 1097 = 0. What is the units digit of h?
1
Suppose -3*c = -c + 6. Let d be c/((3 + -1)*3/(-4)). Let o(t) = 3*t**3 - t**2 + 4. What is the units digit of o(d)?
4
Let x(h) = -47*h**3 - 23*h**2 - 31*h - 52. What is the tens digit of x(-9)?
2
Suppose 5*b + 4*y = 10203, y + 3798 = 4*b - 4377. What is the tens digit of b?
4
Let a(x) = -x**2 - 23*x - 7. Let m(o) = -o**3 + 5*o**2 - 6*o + 11. Let d = -8 + 13. Let j be m(d). What is the units digit of a(j)?
9
Suppose 0 = 10*p - 8*p - 3*h - 9246, -23128 = -5*p + h. What is the units digit of p?
6
Let p(o) = 10*o + 1389. What is the hundreds digit of p(37)?
7
Let w = 14260 - 9001. What is the units digit of w?
9
Suppose -o - 61*z + 57*z + 45822 = 0, -3*o = -2*z - 137466. What is the units digit of o?
2
Let l(v) = -15*v**2 + 2*v - 1. Let s(w) = 15*w**2 - 3*w. Let i(f) = 3*l(f) + 4*s(f). What is the hundreds digit of i(4)?
2
Suppose -340 = -5*i + 235. Let s be 6/(-10) + 2829/i. Let g = s + -13. What is the units digit of g?
1
Let y(m) = 143*m**2 - 83*m + 131. What is the ten thousands digit of y(-21)?
6
Let l be ((-1)/3 - 1)/((-8)/(-84)). What is the hundreds digit of 1/(l/(-6)) - (-143922)/714?
2
Suppose -267729 = -43*y + 242552. What is the units digit of y?
7
Suppose 0 = -284*r + 296*r - 362256. What is the thousands digit of r?
0
Let t(p) = -16479*p**3 + p + 2. Let a be t(-1). Suppose a + 58634 = 54*d. What is the thousands digit of d?
1
Suppose -28*t - 102*t = 276727 - 1441787. What is the hundreds digit of t?
9
Suppose -2*h = -89 + 547. Let g = h + 335. What is the units digit of g?
6
Suppose -6*r = -7*r + 2. Suppose b - 73 = r*n, 0*b = 2*b + 2*n - 158. What is the units digit of b?
7
Let x(a) = -119*a - 41. Let y be x(19). Let s = -1364 - y. Suppose 0 = 13*m - s - 1766. What is the tens digit of m?
0
Suppose 0 = -226*m + 185*m + 152848. What is the units digit of m?
8
Let m = 16670 + 13574. What is the units digit of m?
4
Let f be 20 + -3 + -2*(-5)/2. What is the hundreds digit of (-11)/f + (-2415)/(-6)?
4
Let m(f) = -14*f**3 - 522*f**2 - 50*f - 217. What is the hundreds digit of m(-40)?
5
Suppose -18 = -3*h - 6*h. Suppose 42 = -h*v + 650. What is the tens digit of v?
0
What is the thousands digit of (-1 - -3) + ((-6)/18*-6 - -7114)?
7
Let w(o) = o**3 + 108*o**2 + 151*o - 124. What is the thousands digit of w(-103)?
7
Let j = -33 - -37. Let f be (-22)/(-55)*30/j. Suppose 0 = 5*n + f*a - 287, -3*a = 4*n + 2*a - 240. What is the units digit of n?
5
Let o(b) = -4*b - 9. Suppose 19*f = 18*f - 8. Let r be o(f). Suppose 0 = -3*n - 4*x + 195, -2*x - r + 348 = 5*n. What is the tens digit of n?
6
Let c be (-484)/30 - (-20)/150. What is the tens digit of 681/6*c/(0 - 2)?
0
Let f(h) = -11*h**2 - 4*h + 6. Let q be f(2). Let t be q/(-16) + 12/96. Suppose t*b = 15, i + b - 65 = -2*i. What is the tens digit of i?
2
Let o be -60*6/(-28)*14. Suppose 4*q = 12, -3*n + 22*q + o = 19*q. What is the units digit of n?
3
Suppose 2*n = 11*n + 54. What is the tens digit of n*(4 + 262/(-4))?
6
Suppose 3*m + 43*w = 38*w + 41464, 5*m + 9*w - 69108 = 0. What is the units digit of m?
8
Let y(u) = 6*u**2 - 15*u - 48. Let a(d) = 26*d**2 - 60*d - 191. Let n(h) = 2*a(h) - 9*y(h). What is the tens digit of n(9)?
2
Let y = -3471 + 4359. What is the hundreds digit of y?
8
Suppose -2*o - 2*k + 3176 + 1902 = 0, 0 = -3*o + 4*k + 7624. What is the units digit of o?
0
Let x be 178/3*6/4. Let i = 344 - 346. Let y = i + x. What is the units digit of y?
7
Let g = -1586 + 4701. What is the hundreds digit of g?
1
Let p(r) = 65*r**2 + 6*r + 25. Let t(z) = 325*z**2 + 29*z + 127. Let f(x) = 11*p(x) - 2*t(x). What is the thousands digit of f(-4)?
1
Suppose 5*i = -4*j + 14677